{"id":2,"date":"2021-11-09T17:48:22","date_gmt":"2021-11-09T20:48:22","guid":{"rendered":"http:\/\/51.79.27.135\/?page_id=2"},"modified":"2022-05-26T16:45:26","modified_gmt":"2022-05-26T19:45:26","slug":"pagina-exemplo","status":"publish","type":"page","link":"https:\/\/memoria.sint-ifesgo.org.br\/index.php\/pagina-exemplo\/","title":{"rendered":"Relatos Sindicais"},"content":{"rendered":"\n<p class=\"has-text-align-left\">S\u00e3o Vodcast (Video podcasts) que buscam a conserva\u00e7\u00e3o da mem\u00f3ria n\u00e3o escrita vivenciada, por militantes sindicais, durante sua trajet\u00f3ria junto ao sindicato, as suas contribui\u00e7\u00f5es para a classe trabalhadora e a suas conquistas.\u00a0<\/p>\n\n\n\n<figure class=\"wp-block-embed is-type-video is-provider-youtube wp-block-embed-youtube wp-embed-aspect-16-9 wp-has-aspect-ratio\"><div class=\"wp-block-embed__wrapper\">\n<iframe title=\"Relatos Sindicais n\u00ba 01 - Fernando C\u00e9sar\" width=\"1290\" height=\"726\" data-src=\"https:\/\/www.youtube.com\/embed\/HayM1O4_E8M?feature=oembed\" frameborder=\"0\" allow=\"accelerometer; autoplay; clipboard-write; encrypted-media; gyroscope; picture-in-picture\" allowfullscreen src=\"data:image\/svg+xml;base64,PHN2ZyB3aWR0aD0iMSIgaGVpZ2h0PSIxIiB4bWxucz0iaHR0cDovL3d3dy53My5vcmcvMjAwMC9zdmciPjwvc3ZnPg==\" class=\"lazyload\" data-load-mode=\"1\"><\/iframe>\n<\/div><\/figure>\n\n\n\n<figure class=\"wp-block-embed is-type-video is-provider-youtube wp-block-embed-youtube wp-embed-aspect-16-9 wp-has-aspect-ratio\"><div class=\"wp-block-embed__wrapper\">\n<iframe title=\"Relatos Sindicais N\u00ba 02 - Fatima Reis\" width=\"1290\" height=\"726\" data-src=\"https:\/\/www.youtube.com\/embed\/HdCDDnpa_Ic?feature=oembed\" frameborder=\"0\" allow=\"accelerometer; autoplay; clipboard-write; encrypted-media; gyroscope; picture-in-picture\" allowfullscreen src=\"data:image\/svg+xml;base64,PHN2ZyB3aWR0aD0iMSIgaGVpZ2h0PSIxIiB4bWxucz0iaHR0cDovL3d3dy53My5vcmcvMjAwMC9zdmciPjwvc3ZnPg==\" class=\"lazyload\" data-load-mode=\"1\"><\/iframe>\n<\/div><\/figure>\n\n\n\n<figure class=\"wp-block-embed is-type-video is-provider-youtube wp-block-embed-youtube wp-embed-aspect-16-9 wp-has-aspect-ratio\"><div class=\"wp-block-embed__wrapper\">\n<iframe title=\"Relatos Sindicais N\u00ba 03 - Hon\u00f3rio Rocha\" width=\"1290\" height=\"726\" data-src=\"https:\/\/www.youtube.com\/embed\/GQOaazHm9LM?feature=oembed\" frameborder=\"0\" allow=\"accelerometer; autoplay; clipboard-write; encrypted-media; gyroscope; picture-in-picture\" allowfullscreen src=\"data:image\/svg+xml;base64,PHN2ZyB3aWR0aD0iMSIgaGVpZ2h0PSIxIiB4bWxucz0iaHR0cDovL3d3dy53My5vcmcvMjAwMC9zdmciPjwvc3ZnPg==\" class=\"lazyload\" data-load-mode=\"1\"><\/iframe>\n<\/div><\/figure>\n\n\n\n<figure class=\"wp-block-embed is-type-video is-provider-youtube wp-block-embed-youtube wp-embed-aspect-16-9 wp-has-aspect-ratio\"><div class=\"wp-block-embed__wrapper\">\n<iframe title=\"Relatos Sindicais - N\u00ba 04 - Jos\u00e9 Galdino Pereira\" width=\"1290\" height=\"726\" data-src=\"https:\/\/www.youtube.com\/embed\/6loTIS3A-mI?feature=oembed\" frameborder=\"0\" allow=\"accelerometer; autoplay; clipboard-write; encrypted-media; gyroscope; picture-in-picture\" allowfullscreen src=\"data:image\/svg+xml;base64,PHN2ZyB3aWR0aD0iMSIgaGVpZ2h0PSIxIiB4bWxucz0iaHR0cDovL3d3dy53My5vcmcvMjAwMC9zdmciPjwvc3ZnPg==\" class=\"lazyload\" data-load-mode=\"1\"><\/iframe>\n<\/div><\/figure>\n","protected":false},"excerpt":{"rendered":"<p>S\u00e3o Vodcast (Video podcasts) que buscam a conserva\u00e7\u00e3o da mem\u00f3ria n\u00e3o escrita vivenciada, por militantes sindicais, durante sua trajet\u00f3ria junto ao sindicato, as suas contribui\u00e7\u00f5es para a classe trabalhadora e a suas conquistas.\u00a0<\/p>\n","protected":false},"author":1,"featured_media":0,"parent":0,"menu_order":0,"comment_status":"closed","ping_status":"open","template":"","meta":{"footnotes":""},"class_list":["post-2","page","type-page","status-publish","hentry"],"blocksy_meta":{"styles_descriptor":{"styles":{"desktop":"","tablet":"","mobile":""},"google_fonts":[],"version":5}},"_links":{"self":[{"href":"https:\/\/memoria.sint-ifesgo.org.br\/index.php\/wp-json\/wp\/v2\/pages\/2","targetHints":{"allow":["GET"]}}],"collection":[{"href":"https:\/\/memoria.sint-ifesgo.org.br\/index.php\/wp-json\/wp\/v2\/pages"}],"about":[{"href":"https:\/\/memoria.sint-ifesgo.org.br\/index.php\/wp-json\/wp\/v2\/types\/page"}],"author":[{"embeddable":true,"href":"https:\/\/memoria.sint-ifesgo.org.br\/index.php\/wp-json\/wp\/v2\/users\/1"}],"replies":[{"embeddable":true,"href":"https:\/\/memoria.sint-ifesgo.org.br\/index.php\/wp-json\/wp\/v2\/comments?post=2"}],"version-history":[{"count":0,"href":"https:\/\/memoria.sint-ifesgo.org.br\/index.php\/wp-json\/wp\/v2\/pages\/2\/revisions"}],"wp:attachment":[{"href":"https:\/\/memoria.sint-ifesgo.org.br\/index.php\/wp-json\/wp\/v2\/media?parent=2"}],"curies":[{"name":"wp","href":"https:\/\/api.w.org\/{rel}","templated":true}]}}