{"id":163389,"date":"2022-08-15T10:29:45","date_gmt":"2022-08-15T13:29:45","guid":{"rendered":"http:\/\/memoria.sint-ifesgo.org.br\/?post_type=tnc_col_128814_item&#038;p=163389"},"modified":"2022-08-17T10:17:13","modified_gmt":"2022-08-17T13:17:13","slug":"fotografia-do-clube-47","status":"publish","type":"tnc_col_128814_item","link":"https:\/\/memoria.sint-ifesgo.org.br\/index.php\/fotografias-do-clube\/fotografia-do-clube-47\/","title":{"rendered":"Fotografia do Clube"},"content":{"rendered":"<p>Sem informa\u00e7\u00f5es das pessoas que est\u00e3o na fotografia, do fotografo, evento, local e data,<br \/>\nCaso algu\u00e9m conhe\u00e7a ou saiba de alguma informa\u00e7\u00e3o.<br \/>\nPor gentileza! Entre em contato para atualiza\u00e7\u00e3o do cadastro.<br \/>\nE-mail &#8211; sintmemoria@sint-ifesgo.org.br<\/p>\n","protected":false},"featured_media":163643,"parent":0,"menu_order":0,"comment_status":"closed","ping_status":"closed","template":"","format":"standard","class_list":["post-163389","tnc_col_128814_item","type-tnc_col_128814_item","status-publish","format-standard","has-post-thumbnail","hentry","tainacan-item-single-page"],"blocksy_meta":{"styles_descriptor":{"styles":{"desktop":"","tablet":"","mobile":""},"google_fonts":[],"version":5}},"_links":{"self":[{"href":"https:\/\/memoria.sint-ifesgo.org.br\/index.php\/wp-json\/wp\/v2\/tnc_col_128814_item\/163389","targetHints":{"allow":["GET"]}}],"collection":[{"href":"https:\/\/memoria.sint-ifesgo.org.br\/index.php\/wp-json\/wp\/v2\/tnc_col_128814_item"}],"about":[{"href":"https:\/\/memoria.sint-ifesgo.org.br\/index.php\/wp-json\/wp\/v2\/types\/tnc_col_128814_item"}],"replies":[{"embeddable":true,"href":"https:\/\/memoria.sint-ifesgo.org.br\/index.php\/wp-json\/wp\/v2\/comments?post=163389"}],"version-history":[{"count":0,"href":"https:\/\/memoria.sint-ifesgo.org.br\/index.php\/wp-json\/wp\/v2\/tnc_col_128814_item\/163389\/revisions"}],"wp:featuredmedia":[{"embeddable":true,"href":"https:\/\/memoria.sint-ifesgo.org.br\/index.php\/wp-json\/wp\/v2\/media\/163643"}],"wp:attachment":[{"href":"https:\/\/memoria.sint-ifesgo.org.br\/index.php\/wp-json\/wp\/v2\/media?parent=163389"}],"curies":[{"name":"wp","href":"https:\/\/api.w.org\/{rel}","templated":true}]}}

<p>Sem informações das pessoas que estão na fotografia, do fotografo, evento, local e data,<br />
Caso alguém conheça ou saiba de alguma informação.<br />
Por gentileza! Entre em contato para atualização do cadastro.<br />
E-mail &#8211; sintmemoria@sint-ifesgo.org.br</p>
