{"id":163483,"date":"2022-08-15T10:30:40","date_gmt":"2022-08-15T13:30:40","guid":{"rendered":"http:\/\/memoria.sint-ifesgo.org.br\/?post_type=tnc_col_128814_item&#038;p=163483"},"modified":"2022-08-17T15:22:38","modified_gmt":"2022-08-17T18:22:38","slug":"fotografia-do-clube","status":"publish","type":"tnc_col_128814_item","link":"https:\/\/memoria.sint-ifesgo.org.br\/index.php\/fotografias-do-clube\/fotografia-do-clube\/","title":{"rendered":"Fotografia do Clube"},"content":{"rendered":"<p>Sem informa\u00e7\u00f5es das pessoas que est\u00e3o na fotografia, do fotografo, evento, local e data,<br \/>\nCaso algu\u00e9m conhe\u00e7a ou saiba de alguma informa\u00e7\u00e3o.<br \/>\nPor gentileza! Entre em contato para atualiza\u00e7\u00e3o do cadastro.<br \/>\nE-mail &#8211; sintmemoria@sint-ifesgo.org.br<\/p>\n","protected":false},"featured_media":163737,"parent":0,"menu_order":0,"comment_status":"closed","ping_status":"closed","template":"","format":"standard","class_list":["post-163483","tnc_col_128814_item","type-tnc_col_128814_item","status-publish","format-standard","has-post-thumbnail","hentry","tainacan-item-single-page"],"blocksy_meta":{"styles_descriptor":{"styles":{"desktop":"","tablet":"","mobile":""},"google_fonts":[],"version":5}},"_links":{"self":[{"href":"https:\/\/memoria.sint-ifesgo.org.br\/index.php\/wp-json\/wp\/v2\/tnc_col_128814_item\/163483","targetHints":{"allow":["GET"]}}],"collection":[{"href":"https:\/\/memoria.sint-ifesgo.org.br\/index.php\/wp-json\/wp\/v2\/tnc_col_128814_item"}],"about":[{"href":"https:\/\/memoria.sint-ifesgo.org.br\/index.php\/wp-json\/wp\/v2\/types\/tnc_col_128814_item"}],"replies":[{"embeddable":true,"href":"https:\/\/memoria.sint-ifesgo.org.br\/index.php\/wp-json\/wp\/v2\/comments?post=163483"}],"version-history":[{"count":0,"href":"https:\/\/memoria.sint-ifesgo.org.br\/index.php\/wp-json\/wp\/v2\/tnc_col_128814_item\/163483\/revisions"}],"wp:featuredmedia":[{"embeddable":true,"href":"https:\/\/memoria.sint-ifesgo.org.br\/index.php\/wp-json\/wp\/v2\/media\/163737"}],"wp:attachment":[{"href":"https:\/\/memoria.sint-ifesgo.org.br\/index.php\/wp-json\/wp\/v2\/media?parent=163483"}],"curies":[{"name":"wp","href":"https:\/\/api.w.org\/{rel}","templated":true}]}}

<p>Sem informações das pessoas que estão na fotografia, do fotografo, evento, local e data,<br />
Caso alguém conheça ou saiba de alguma informação.<br />
Por gentileza! Entre em contato para atualização do cadastro.<br />
E-mail &#8211; sintmemoria@sint-ifesgo.org.br</p>
