{"id":189733,"date":"2022-09-08T13:34:42","date_gmt":"2022-09-08T16:34:42","guid":{"rendered":"http:\/\/memoria.sint-ifesgo.org.br\/?post_type=tnc_col_189656_item&#038;p=189733"},"modified":"2022-09-14T11:59:46","modified_gmt":"2022-09-14T14:59:46","slug":"documento-historico-clg-regimento-interno-do-clg-00_00_1995-pdf","status":"publish","type":"tnc_col_189656_item","link":"https:\/\/memoria.sint-ifesgo.org.br\/index.php\/documentos-asufego-sint-ufg-ou-sint-ifesgo-4\/documento-historico-clg-regimento-interno-do-clg-00_00_1995-pdf\/","title":{"rendered":"Documento &#8211; Historico &#8211; CLG &#8211; Regimento Interno do CLG &#8211; 00_00_1995.pdf"},"content":{"rendered":"<p>A est\u00e9tica do documento depender\u00e1 do seu estado de conserva\u00e7\u00e3o, da qualidade da fotoc\u00f3pia utilizada para a digitaliza\u00e7\u00e3o.<\/p>\n","protected":false},"featured_media":193226,"parent":0,"menu_order":0,"comment_status":"closed","ping_status":"closed","template":"","format":"standard","class_list":["post-189733","tnc_col_189656_item","type-tnc_col_189656_item","status-publish","format-standard","has-post-thumbnail","hentry","tainacan-item-single-page"],"blocksy_meta":{"styles_descriptor":{"styles":{"desktop":"","tablet":"","mobile":""},"google_fonts":[],"version":5}},"_links":{"self":[{"href":"https:\/\/memoria.sint-ifesgo.org.br\/index.php\/wp-json\/wp\/v2\/tnc_col_189656_item\/189733","targetHints":{"allow":["GET"]}}],"collection":[{"href":"https:\/\/memoria.sint-ifesgo.org.br\/index.php\/wp-json\/wp\/v2\/tnc_col_189656_item"}],"about":[{"href":"https:\/\/memoria.sint-ifesgo.org.br\/index.php\/wp-json\/wp\/v2\/types\/tnc_col_189656_item"}],"replies":[{"embeddable":true,"href":"https:\/\/memoria.sint-ifesgo.org.br\/index.php\/wp-json\/wp\/v2\/comments?post=189733"}],"version-history":[{"count":0,"href":"https:\/\/memoria.sint-ifesgo.org.br\/index.php\/wp-json\/wp\/v2\/tnc_col_189656_item\/189733\/revisions"}],"wp:featuredmedia":[{"embeddable":true,"href":"https:\/\/memoria.sint-ifesgo.org.br\/index.php\/wp-json\/wp\/v2\/media\/193226"}],"wp:attachment":[{"href":"https:\/\/memoria.sint-ifesgo.org.br\/index.php\/wp-json\/wp\/v2\/media?parent=189733"}],"curies":[{"name":"wp","href":"https:\/\/api.w.org\/{rel}","templated":true}]}}

<p>A estética do documento dependerá do seu estado de conservação, da qualidade da fotocópia utilizada para a digitalização.</p>
